6922?
9
What is the thousands digit of 91485429?
5
What is the millions digit of 304092947?
4
What is the ten thousands digit of 185247450?
4
What is the millions digit of 41756424?
1
What is the units digit of 18980687?
7
What is the ten thousands digit of 7382421573?
2
What is the units digit of 14343550?
0
What is the ten thousands digit of 771272842?
7
What is the thousands digit of 18045434?
5
What is the millions digit of 471259823?
1
What is the tens digit of 15430645?
4
What is the hundred millions digit of 866576701?
8
What is the hundreds digit of 151971861?
8
What is the ten thousands digit of 1325270748?
7
What is the ten millions digit of 976888132?
7
What is the hundreds digit of 3036791301?
3
What is the hundred thousands digit of 66681154?
6
What is the ten millions digit of 123413982?
2
What is the millions digit of 3866926?
3
What is the millions digit of 3698293383?
8
What is the ten thousands digit of 91262501?
6
What is the millions digit of 114552299?
4
What is the ten thousands digit of 7551945965?
4
What is the ten thousands digit of 3318363966?
6
What is the hundreds digit of 16878852?
8
What is the hundreds digit of 113293970?
9
What is the hundreds digit of 28753569?
5
What is the tens digit of 80897932?
3
What is the millions digit of 3746835191?
6
What is the millions digit of 6471427306?
1
What is the ten thousands digit of 389337588?
3
What is the ten thousands digit of 62419388?
1
What is the ten millions digit of 21714151?
2
What is the tens digit of 219523523?
2
What is the ten thousands digit of 833131357?
3
What is the thousands digit of 754199335?
9
What is the hundred millions digit of 470298182?
4
What is the hundred millions digit of 252746749?
2
What is the ten thousands digit of 476149333?
4
What is the millions digit of 46851138?
6
What is the millions digit of 30001331?
0
What is the millions digit of 1047070192?
7
What is the millions digit of 180840632?
0
What is the ten thousands digit of 68236073?
3
What is the tens digit of 33365666?
6
What is the tens digit of 16640371?
7
What is the units digit of 75533495?
5
What is the hundred millions digit of 2690417945?
6
What is the units digit of 173809759?
9
What is the ten millions digit of 72461619?
7
What is the units digit of 785451317?
7
What is the ten thousands digit of 276796846?
9
What is the thousands digit of 284748817?
8
What is the tens digit of 51002715?
1
What is the hundreds digit of 6923341117?
1
What is the units digit of 113330296?
6
What is the thousands digit of 1577666759?
6
What is the ten millions digit of 15563375?
1
What is the thousands digit of 1361476423?
6
What is the units digit of 88046562?
2
What is the millions digit of 7301895893?
1
What is the tens digit of 19777943?
4
What is the hundreds digit of 588806069?
0
What is the ten thousands digit of 282842892?
4
What is the billions digit of 1775101502?
1
What is the ten millions digit of 32711464?
3
What is the thousands digit of 15252392?
2
What is the millions digit of 112082613?
2
What is the units digit of 75406983?
3
What is the ten thousands digit of 786442596?
4
What is the hundred thousands digit of 7171156313?
1
What is the hundred thousands digit of 1810750634?
7
What is the ten thousands digit of 1887478947?
7
What is the hundreds digit of 83228071?
0
What is the hundred thousands digit of 89342665?
3
What is the tens digit of 80947404?
0
What is the thousands digit of 60449306?
9
What is the millions digit of 33233069?
3
What is the hundred millions digit of 250944200?
2
What is the ten millions digit of 3190234196?
9
What is the hundreds digit of 1398378930?
9
What is the hundred thousands digit of 1846675459?
6
What is the ten thousands digit of 744875980?
7
What is the ten thousands digit of 2283194106?
9
What is the hundred thousands digit of 39137245?
1
What is the ten millions digit of 6012245776?
1
What is the hundred thousands digit of 414945229?
9
What is the millions digit of 60057917?
0
What is the hundreds digit of 251153494?
4
What is the hundreds digit of 13946014?
0
What is the hundred thousands digit of 38789809?
7
What is the hundred thousands digit of 479225899?
2
What is the ten millions digit of 27331211?
2
What is the units digit of 180497370?
0
What is the hundred thousands digit of 3020045095?
0
What is the millions digit of 49358091?
9
What is the hundred millions digit of 7390401571?
3
What is the hundred millions digit of 111815466?
1
What is the ten thousands digit of 624199899?
9
What is the units digit of 19929798?
8
What is the ten thousands digit of 2074260706?
6
What is the hundred thousands digit of 135583633?
5
What is the ten thousands digit of 1262581641?
8
What is the ten thousands digit of 57447810?
4
What is the ten thousands digit of 8947701?
4
What is the ten millions digit of 4379711561?
7
What is the ten thousands digit of 12228697?
2
What is the hundred millions digit of 136647398?
1
What is the tens digit of 98010995?
9
What is the hundred millions digit of 189174861?
1
What is the hundred millions digit of 656322928?
6
What is the hundred thousands digit of 9313627?
3
What is the millions digit of 9487578?
9
What is the hundred thousands digit of 243106045?
1
What is the millions digit of 1344273431?
4
What is the tens digit of 107542608?
0
What is the millions digit of 118898195?
8
What is the thousands digit of 125828936?
8
What is the hundreds digit of 221345454?
4
What is the units digit of 415812405?
5
What is the hundreds digit of 108530970?
9
What is the hundred millions digit of 148290718?
1
What is the millions digit of 144724612?
4
What is the billions digit of 2234161443?
2
What is the millions digit of 907499910?
7
What is the hundreds digit of 143089571?
5
What is the millions digit of 7421762790?
1
What is the tens digit of 4753265?
6
What is the tens digit of 95081011?
1
What is the hundreds digit of 682482465?
4
What is the hundreds digit of 478704173?
1
What is the thousands digit of 358657070?
7
What is the tens digit of 777979946?
4
What is the ten millions digit of 553544633?
5
What is the hundreds digit of 45662962?
9
What is the tens digit of 53943986?
8
What is the hundreds digit of 477773677?
6
What is the thousands digit of 1059977356?
7
What is the ten thousands digit of 25409786?
0
What is the ten thousands digit of 208760499?
6
What is the thousands digit of 415195999?
5
What is the units digit of 3998699214?
4
What is the millions digit of 1943672930?
3
What is the tens digit of 18430812?
1
What is the hundreds digit of 766402779?
7
What is the hundreds digit of 51563682?
6
What is the tens digit of 803624319?
1
What is the hundred thousands digit of 110591610?
5
What is the hundred thousands digit of 23884259?
8
What is the hundred millions digit of 170976926?
1
What is the ten thousands digit of 70107506?
0
What is the tens digit of 19953466?
6
What is the tens digit of 281615809?
0
What is the ten millions digit of 3417833644?
1
What is the billions digit of 1468617983?
1
What is the hundred thousands digit of 3109560684?
5
What is the tens digit of 28739146?
4
What is the tens digit of 726121255?
5
What is the hundreds digit of 149335798?
7
What is the ten thousands digit of 69639445?
3
What is the hundred thousands digit of 333752289?
7
What is the ten millions digit of 1326934795?
2
What is the units digit of 922127285?
5
What is the billions digit of 3726712046?
3
What is the units digit of 449914214?
4
What is the tens digit of 2987706691?
9
What is the thousands digit of 3554875541?
5
What is the millions digit of 64842443?
4
What is the hundreds digit of 207769390?
3
What is the tens digit of 6263390?
9
What is the millions digit of 78200000?
8
What is the millions digit of 2126913160?
6
What is the billions digit of 1678508635?
1
What is the thousands digit of 96424874?
4
What is the billions digit of 1724416311?
1
What is the thousands digit of 2095615136?
5
What is the ten thousands digit of 1941378185?
7
What is the tens digit of 225151906?
0
What is the units digit of 2920902301?
1
What is the hundred thousands digit of 7883100?
8
What is the hundred millions digit of 244251469?
2
What is the hundreds digit of 768463083?
0
What is the tens digit of 37101838?
3
What